2104945991.
277, 281, 27043
List the prime factors of 2171687739.
3, 13, 131, 425071
What are the prime factors of 713086842?
2, 3, 13, 41, 222979
List the prime factors of 295427.
11, 107, 251
What are the prime factors of 2494767860?
2, 5, 13, 79, 9343
What are the prime factors of 527837073?
3, 277, 307, 2069
What are the prime factors of 671693523?
3, 31, 37, 195203
List the prime factors of 188609674.
2, 11, 8573167
What are the prime factors of 98554153?
199, 449, 1103
List the prime factors of 28886710.
2, 5, 2888671
What are the prime factors of 399357489?
3, 17, 59, 132721
List the prime factors of 732671580.
2, 3, 5, 12211193
List the prime factors of 345560846.
2, 433, 399031
List the prime factors of 1881883836.
2, 3, 7, 7467793
What are the prime factors of 32425125?
3, 5, 86467
What are the prime factors of 49228694?
2, 23, 1070189
What are the prime factors of 17949212?
2, 17, 15527
What are the prime factors of 1166641098?
2, 3, 7, 23, 503
What are the prime factors of 17371299?
3, 11, 73, 7211
What are the prime factors of 173507297?
19, 2693, 3391
What are the prime factors of 28102814?
2, 127, 110641
What are the prime factors of 467267354?
2, 877, 266401
What are the prime factors of 102610212?
2, 3, 43, 47, 4231
What are the prime factors of 4598914242?
2, 3, 13, 19, 43, 72167
List the prime factors of 4857404400.
2, 3, 5, 37, 36467
What are the prime factors of 51916040?
2, 5, 11, 117991
What are the prime factors of 29271559?
29271559
List the prime factors of 506319057.
3, 103, 317, 1723
List the prime factors of 308786395.
5, 1289, 47911
What are the prime factors of 3748127749?
3748127749
What are the prime factors of 3433796?
2, 17, 50497
What are the prime factors of 1083316420?
2, 5, 149, 363529
List the prime factors of 144241029.
3, 101, 107, 1483
What are the prime factors of 146395132?
2, 13, 29, 193, 503
List the prime factors of 148689804.
2, 3, 53, 389, 601
What are the prime factors of 60625597?
4327, 14011
What are the prime factors of 1386119504?
2, 7, 11, 1125097
List the prime factors of 96968108.
2, 71, 107, 3191
What are the prime factors of 123498957?
3, 53, 103, 7541
What are the prime factors of 1682321380?
2, 5, 1123, 74903
What are the prime factors of 28804716?
2, 3, 800131
List the prime factors of 305081000.
2, 5, 7, 41, 1063
List the prime factors of 45717122.
2, 11, 2078051
What are the prime factors of 1209524677?
1209524677
List the prime factors of 1892353592.
2, 9151, 25849
What are the prime factors of 44624176?
2, 2789011
What are the prime factors of 1016789130?
2, 3, 5, 7, 1613951
What are the prime factors of 13645069?
167, 81707
List the prime factors of 56599957.
163, 347239
List the prime factors of 196863606.
2, 3, 37, 295591
What are the prime factors of 65362065?
3, 5, 4357471
What are the prime factors of 368770318?
2, 7, 41, 642457
List the prime factors of 164207129.
97, 1692857
What are the prime factors of 182872720?
2, 5, 19, 31, 3881
What are the prime factors of 403828709?
2099, 192391
List the prime factors of 3269051671.
61, 1091, 49121
List the prime factors of 423897876.
2, 3, 1637, 7193
List the prime factors of 1109211625.
5, 367, 24179
What are the prime factors of 180124785?
3, 5, 4002773
What are the prime factors of 423123379?
7, 37, 419, 557
List the prime factors of 34959399.
3, 47, 247939
List the prime factors of 63623047.
4813, 13219
What are the prime factors of 316833925?
5, 12673357
What are the prime factors of 5220471024?
2, 3, 36253271
What are the prime factors of 2019290766?
2, 3, 179, 1880159
List the prime factors of 369938513.
7, 17, 3108727
What are the prime factors of 222554607?
3, 11, 6744079
List the prime factors of 1468380123.
3, 7, 769, 10103
What are the prime factors of 544664708?
2, 7, 67, 227, 1279
List the prime factors of 40744674.
2, 3, 754531
List the prime factors of 271686540.
2, 3, 5, 4528109
List the prime factors of 1213182515.
5, 1123, 216061
What are the prime factors of 715542645?
3, 5, 89, 359, 1493
List the prime factors of 2009200489.
23, 31, 67, 137, 307
What are the prime factors of 66298290?
2, 3, 5, 257, 8599
What are the prime factors of 181236166?
2, 90618083
What are the prime factors of 22088556?
2, 3, 7, 23, 37, 103
List the prime factors of 1570978202.
2, 785489101
What are the prime factors of 2148178525?
5, 85927141
What are the prime factors of 435633594?
2, 3, 11, 107, 61687
What are the prime factors of 1491702?
2, 3, 29, 8573
List the prime factors of 382726054.
2, 547, 349841
List the prime factors of 936892979.
11, 421, 202309
List the prime factors of 381017078.
2, 13, 14654503
List the prime factors of 163072516.
2, 19, 47, 71, 643
What are the prime factors of 2361079494?
2, 3, 733, 178951
What are the prime factors of 35983750?
2, 5, 11, 2617
List the prime factors of 102770735.
5, 31, 663037
What are the prime factors of 731898750?
2, 3, 5, 11, 1613
What are the prime factors of 1201780895?
5, 7, 919, 37363
What are the prime factors of 335749724?
2, 229, 359, 1021
List the prime factors of 1355112367.
7, 23, 2357, 3571
List the prime factors of 277947418.
2, 7, 293, 67759
List the prime factors of 2471661800.
2, 5, 12358309
List the prime factors of 1973212258.
2, 29, 34020901
List the prime factors of 90165499.
90165499
What are the prime factors of 76037815?
5, 7, 97, 22397
List the prime factors of 3185952.
2, 3, 7, 11, 431
List the prime factors of 269032182.
2, 3, 44838697
What are the prime factors of 19673180?
2, 5, 983659
List the prime factors of 139374492.
2, 3, 11614541
What are the prime factors of 52680076?
2, 17, 199, 229
List the prime factors of 195236161.
37, 5276653
List the prime factors of 57661969.
57661969
What are the prime factors of 912045850?
2, 5, 2531, 7207
List the prime factors of 743000963.
17, 31, 1409869
What are the prime factors of 3010521282?
2, 3, 953, 526499
List the prime factors of 336772299.
3, 3911, 28703
What are the prime factors of 93244093?
23, 4054091
List the prime factors of 63158386.
2, 31579193
What are the prime factors of 1174084094?
2, 131, 1531, 2927
List the prime factors of 6874284646.
2, 3437142323
What are the prime factors of 134924921?
47, 71, 40433
What are the prime factors of 27408244?
2, 6852061
What are the prime factors of 217125103?
13, 19, 43, 20443
List the prime factors of 47071645.
5, 19, 495491
List the prime factors of 39999189.
3, 1543, 8641
What are the prime factors of 354901291?
354901291
List the prime factors of 3376003931.
3376003931
List the prime factors of 1119878979.
3, 373292993
What are the prime factors of 101487172?
2, 25371793
What are the prime factors of 80000273?
80000273
List the prime factors of 20120353.
11, 1201, 1523
List the prime factors of 39689577.
3, 17, 149, 1741
List the prime factors of 33194678.
2, 11, 541, 2789
List the prime factors of 36281761.
41, 884921
What are the prime factors of 1808219696?
2, 113013731
What are the prime factors of 1697815510?
2, 5, 67, 2534053
List the prime factors of 424638958.
2, 212319479
List the prime factors of 58583080.
2, 5, 19, 4057
What are the prime factors of 607024247?
607024247
List the prime factors of 61726936.
2, 7715867
List the prime factors of 86272348.
2, 17, 601, 2111
What are the prime factors of 80874320?
2, 5, 1010929
What are the prime factors of 5431724?
2, 79, 17189
What are the prime factors of 5330842286?
2, 7, 11, 17, 277, 7351
List the prime factors of 1424940330.
2, 3, 5, 11, 1613, 2677
List the prime factors of 75575192.
2, 7, 11, 79, 1553
What are the prime factors of 769217475?
3, 5, 13, 788941
What are the prime factors of 138575781?
3, 1493, 10313
List the prime factors of 90555590.
2, 5, 101, 89659
List the prime factors of 25475682.
2, 3, 4245947
What are the prime factors of 36809062?
2, 23, 29, 41, 673
List the prime factors of 478000486.
2, 83, 2879521
What are the prime factors of 37998382?
2, 18999191
What are the prime factors of 48208490?
2, 5, 11, 438259
What are the prime factors of 201980977?
11, 181, 229, 443
What are the prime factors of 1446460841?
7, 89, 967
What are the prime factors of 187854926?
2, 7, 251, 1091
List the prime factors of 603320995.
5, 53, 109, 20887
List the prime factors of 73573977